.
1
Suppose 352*i - 3274 - 80900 - 77394 = 0. What is the highest common divisor of 799 and i?
17
Suppose -4*h + 3*h = -80. Let g be (5 - 0)/(8/12 + (-44)/84). What is the greatest common divisor of h and g?
5
Suppose 2*k - 4*k + 48 = 0. Suppose -19*h + 201*h = -208*h + 34320. Calculate the greatest common divisor of k and h.
8
Let j = -45761 - -65231. What is the greatest common divisor of j and 59?
59
Let m(j) = j**2 - 8*j + 13. Let b be m(6). Let i = b + 3. Suppose 2*f = i*r - 28, -r + 9 = -3*f - 3. What is the greatest common divisor of r and 42?
6
Let a(y) = 56*y + 5220. Let p be a(51). Calculate the greatest common divisor of 60 and p.
12
Let q(g) = 3*g**2 - 3*g + 3. Suppose -5*u + 3*j + 10 = -2*j, -4*u + 6 = -5*j. Let o be q(u). Let r = 42 - o. Calculate the greatest common factor of r and 21.
3
Let f(k) be the third derivative of k**5/60 - k**4/3 - k**3/3 + 6*k**2 - 2*k. Let p be f(10). What is the greatest common factor of 42 and p?
6
Let d = -1555 - -1607. Suppose -16 = -h - 3*h. Calculate the highest common divisor of h and d.
4
Let q be (-41)/(-1 + (-9)/(-12)). Suppose 3*x - 231 = -3*z, -3*x = -x + 4*z - q. What is the highest common divisor of 9 and x?
9
Let c be 3*1*(-21)/(-1). Let d = -18817 - -18823. What is the greatest common factor of d and c?
3
Let r(a) be the third derivative of 23*a**4/24 - 43*a**3/6 - 3*a**2 + 17*a. Let k be r(9). What is the greatest common divisor of 4 and k?
4
Suppose 4*s - 5*l = 6*s + 20, -2*s + l = -4. Suppose s = 6*p + p - 112. What is the highest common divisor of 48 and p?
16
Suppose -3*n = 23 + 52. Let q be 5/n + (852/10)/1. What is the greatest common divisor of 5 and q?
5
Let v(p) = -48*p**3 - p**2 + 6*p + 9. Let r be v(-1). What is the highest common divisor of 2250 and r?
50
Let p(l) = -5*l**2 - 29 + 62*l + 23 + 22. Let d be p(8). What is the greatest common divisor of 24 and d?
24
Let l = -11 - -15. Suppose -3 = 3*d - l*d, 4*n - 3*d = 123. Suppose 0 = 3*v - 833 - 58. Calculate the greatest common divisor of n and v.
33
Let x be (-30 + -40)/((-2)/27). What is the greatest common divisor of x and 140?
35
Let r = 65 - -175. What is the greatest common divisor of 312 and r?
24
Let r = 196 - 185. Let v be 2 + 58 - (1 - -5 - 1). What is the greatest common divisor of v and r?
11
Let x be 6510/(-25) - (-2)/5. Let p = x + 272. What is the highest common divisor of p and 156?
12
Let r(w) = -2*w - 48. Let o be r(-23). Let l(x) = 26*x**2 + 26*x + 52. Let p be l(o). What is the greatest common factor of p and 32?
8
Let r = -354 + 378. Suppose 5*n - 83 = -i + 127, 0 = -n - 2*i + 42. Calculate the greatest common factor of r and n.
6
Let x be (5 + (-222)/30)*(-2 - -7). Let h = 128 + x. Calculate the highest common divisor of h and 29.
29
Suppose 3*s - 1074 = 3*c, -10*s = -7*s + 3*c - 1098. Calculate the highest common divisor of s and 6.
2
Suppose -980 + 141 = -11*n + 2164. Calculate the highest common factor of n and 78.
39
Suppose 0 = 5*c - 5*c - 11*c + 330. Suppose -3*k - 12 = 0, 3*f - 1195 = -6*k + k. Calculate the highest common factor of c and f.
15
Let t be 0 + 1538/11 - (-236)/1298. Calculate the highest common divisor of t and 64.
4
Let j be (3 + -1)/(274/30277). What is the greatest common factor of j and 416?
13
Let g = -70181 + 99066. What is the greatest common factor of 53 and g?
53
Suppose -3*n = 5*g - 14083, -18*g - 23389 = -5*n - 16*g. Calculate the greatest common divisor of n and 62.
31
Suppose -5*p + 1123 - 244 = 4*m, -p - 1 = 0. What is the greatest common divisor of 425 and m?
17
Suppose -15*f + 12*f + 130 = -4*o, f - 4*o - 30 = 0. Let j be (f/5)/((-2)/(-23)). Calculate the highest common factor of 69 and j.
23
Let f(m) = -74*m - 2032. Let w be f(-29). What is the greatest common factor of w and 42522?
114
Let y(p) = 78*p + 2187. Let r be y(-27). Calculate the greatest common factor of r and 882.
9
Suppose -2*y + y = 3*p - 67, 5*p + 3*y - 113 = 0. Suppose -v + 4*i + p = 0, -13*v + 3*i = -15*v + 11. Calculate the greatest common factor of 80 and v.
10
Suppose 5*r - 1095 = -2*y + 772, 3*r - 1118 = y. Let l = r - 371. Calculate the highest common divisor of l and 58.
2
Suppose 150*s - 151*s + 1 = 0. Let b be -1*s - -42*(-18)/(-27). Calculate the greatest common factor of 15 and b.
3
Suppose -f - 2*s + 24 = -114, -3*f + 5*s + 447 = 0. Calculate the greatest common factor of f and 264.
24
Let d = -10844 + 11064. What is the highest common divisor of d and 490?
10
Let k(l) = 38*l**2 - 677*l + 2025. Let i be k(3). Calculate the greatest common factor of 966 and i.
42
Let p be (20/22)/(4627/385 + -12). What is the highest common factor of 2950 and p?
50
Suppose 0 = 9*n - 3 - 69. Suppose 5*i + 12 + n = 0. Let u be 5/(-2)*i/10. Calculate the greatest common divisor of 8 and u.
1
Let j(x) = -392*x + 472. Let k be j(1). Calculate the greatest common factor of k and 1040.
80
Suppose -318*i + 2340 = -240*i. What is the highest common divisor of i and 2775?
15
Let d(u) = -4*u - 4. Let l be d(23). Let i = l + 106. Calculate the greatest common factor of i and 4.
2
Let f = 90039 + -49590. What is the greatest common divisor of 291 and f?
291
Suppose 3*p - p = g + 854, 4*p + g - 1720 = 0. Let o = p - 254. Calculate the greatest common factor of 14 and o.
7
Suppose 3*o - 1050 = -2*o. Suppose -3*f + o = 4*f. Let b = -1520 - -1530. Calculate the greatest common factor of f and b.
10
Suppose 1338 = u - b, 742*u + 2*b = 737*u + 6683. Calculate the greatest common factor of 7 and u.
7
Let c be 5719/38 - (-20)/(-8). Calculate the greatest common divisor of 1591 and c.
37
Let o(q) = -150*q + 2222. Let t be o(-73). Calculate the highest common divisor of t and 148.
148
Let h(g) = -2*g**3 - 30*g**2 - 4*g - 66. Let q be h(-15). Let l be -8 + q/(-24)*188. Calculate the greatest common factor of l and 3.
3
Suppose -2*w + 4*a - 366 = 0, -88 - 110 = w - 5*a. Let i = -131 - w. Calculate the greatest common divisor of i and 42.
42
Let h = -252 - -92. Let g = h + 170. What is the highest common factor of g and 45?
5
Suppose -33*k = -k + 19*k - 54060. What is the highest common factor of 40 and k?
20
Suppose -26*x + 87 = -95. Let o(f) = -2*f - 3. Let w be o(-4). Let y be (0/3)/w + 77. What is the highest common divisor of y and x?
7
Let i(q) = q**3 - 2*q**2 - 13*q + 5. Let k be i(5). Suppose -9*t - 162 = -k*t. Calculate the highest common factor of 45 and t.
9
Let i be 190 - (-4 + 0 + 7). What is the greatest common divisor of 221 and i?
17
Let p be 3/(-1) - (-4 + 73). Suppose -13 = -4*d + 359. Let y = d + p. What is the greatest common divisor of 42 and y?
21
Let a(d) = 3*d - 85. Let m be a(0). Let o = -53 - m. Let x = -195 - -275. Calculate the greatest common factor of o and x.
16
Let r be 219/2*(-52)/(-78). Suppose -3*o = -5*x - r, -3*o + 3*x + 20 = -49. Calculate the greatest common factor of o and 1344.
21
Let v = 498 - 476. Let a = v - -4. Calculate the greatest common divisor of a and 208.
26
Suppose -4*q - z = -12298, 2*q + 2747 = 5*z + 8885. Calculate the greatest common factor of 174 and q.
58
Let j(h) = -h**2 + 8*h - 10. Let p be (-160)/(-25) + (8/10)/(-2). Let l be j(p). Let z be 1*l/(-6)*-69*1. Calculate the highest common divisor of 46 and z.
23
Let m(c) = -c**3 + 5*c**2 + 3*c - 22. Let b be m(3). Let u be (-1480)/(-24)*15 + b. Calculate the greatest common divisor of u and 30.
30
Let l(c) = -3972*c - 19617. Let o be l(-5). What is the greatest common factor of 279 and o?
9
Suppose -429 - 247 = x - 2*q, x - q = -677. Let i = x + 690. Calculate the highest common divisor of i and 15.
3
Suppose 26*g - 56*g + 3360 = 0. Calculate the greatest common divisor of g and 10136.
56
Let s(w) = 3*w**2 + 5 + 7 + 22*w + 9 + 14*w + w**2. Let p be s(-12). Let z = 142 - 76. What is the greatest common divisor of p and z?
33
Suppose -20*x + 5215 = -19025. What is the greatest common divisor of 24 and x?
12
Suppose -10 = -m + 10. Let p(n) be the first derivative of n**2 - 36*n - 107. Let z be p(m). What is the greatest common divisor of z and 1?
1
Let g be 2/(-9) - (-1642)/18. Let a = 32714 - 32077. Calculate the highest common divisor of g and a.
91
Let p = -11 - -28. Suppose 0 = -28*w + 14*w + 1666. What is the greatest common divisor of p and w?
17
Let o(k) = -k**3 - 3*k**2 - 4*k - 9. Let z be o(-4). Suppose 3*r + 